{"id":61,"date":"2017-01-02T18:50:17","date_gmt":"2017-01-02T17:50:17","guid":{"rendered":"https:\/\/cambuch.de\/?page_id=61"},"modified":"2017-01-02T18:50:17","modified_gmt":"2017-01-02T17:50:17","slug":"vorwort","status":"publish","type":"page","link":"https:\/\/cambuch.de\/?page_id=61","title":{"rendered":"Vorwort"},"content":{"rendered":"<h2>Eine deutsche Geschichte<\/h2>\n<p>Eine deutsche Geschichte, suche nach dem Ich in Deutschand 1980 bis 2020. Von dem, der auszog, das Gl\u00fcck zu finden in einer anderen Welt. Er schaffte es, in dem er die Emotionen und Erfahrungen \u00fcber die Jahre einfliessen lies. Lesen Sie, wie man durch viele Entscheidungen und Lebensbr\u00fcche das Ziel erreicht. Wie man W\u00e4nde versetzt und Menschen mitrei\u00dft. Die Welt ver\u00e4ndern und sich treu bleiben. Das ist die Herausforderung.<\/p>\n<p>Die Jugend pr\u00e4gt ihn, die Jahre machen ihn erfahren. Das Ziel, ist nicht ein Punkt, sondern der Weg. 50 Jahre sp\u00e4ter ist ihm das sehr wohl bewusst. Nicht der eine Punkt muss erreicht werden, sondern an jedem Tag viele Punkte.<br \/>\nAufgehalten wurde er durch falsche Freunde, durch falsche Systeme, durch Krankheiten und auch Fehlentscheidungen. Im Ergebnis sieht der Leser zum Schluss, das nicht das Buch ein Ziel hat, sondern die ganze Zeit die Hauptfigur reift.<\/p>\n<p>Gerne m\u00f6chte man in die Zukunft schauen.<\/p>\n<p>Das Geheimnis eines Erfolges ? Von Ost nach West, es ist eine deutsche Geschichte, aus einer anderen Perspektive erz\u00e4hlt.<\/p>\n<p>Der Romanheld ein Typ, der selber manchmal nicht glaubt, was er da schreibt. Ist es passiert oder ist es eine Fiction ?<\/p>\n<p>Ein Roman in 5 Akten:\u00a0<strong>Erleuchtung, Befreiung, Aufbruch, Vertrauen, Erfahrung.<\/strong>\u00a0Erleben Sie, wie der Romanheld auf der Suche nach dem Gl\u00fcck und dem einen Ziel ist. Wird er seine Bestimmung erreichen ? Eine Geschichte, welche Emotionen auf den Leser \u00fcbertr\u00e4gt, gew\u00fcrzt mit den Choniken einer bewegten deutschen Zeit, entf\u00fchrt uns das Buch in die Vergangenheit und Gegenwart der j\u00fcngeren deutschen Geschichte.<\/p>\n<p>Vom Lorenschieber zum Unternehmer, der Suche nach dem Gl\u00fcck und seiner vielen Stationen. Am Ende kommt es zur Erkenntnis ?<\/p>\n<p>5. Akte oder mehr, wobei der Begriff Akte hier durchaus mehrere Bedeutungen hat.<br \/>\n&#8212;&#8212;<br \/>\n&#8211; Erleuchtung<br \/>\n&#8211; Befreiung<br \/>\n&#8211; Aufbruch<br \/>\n&#8211; Vertrauen<br \/>\n&#8211; Erfahrung<br \/>\n&#8212;&#8212;<\/p>\n","protected":false},"excerpt":{"rendered":"<p>Eine deutsche Geschichte Eine deutsche Geschichte, suche nach dem Ich in Deutschand 1980 bis 2020. Von dem, der auszog, das Gl\u00fcck zu finden in einer anderen Welt. Er schaffte es, in dem er die Emotionen und Erfahrungen \u00fcber die Jahre einfliessen lies. Lesen Sie, wie man durch viele Entscheidungen und Lebensbr\u00fcche das Ziel erreicht. Wie man W\u00e4nde versetzt und Menschen mitrei\u00dft. Die Welt ver\u00e4ndern und sich treu bleiben. Das ist die Herausforderung. Die Jugend pr\u00e4gt ihn, die Jahre machen ihn erfahren. Das Ziel, ist nicht ein Punkt, sondern der Weg. 50 Jahre sp\u00e4ter ist ihm das sehr wohl bewusst. Nicht der eine Punkt muss erreicht werden, sondern an jedem Tag viele Punkte. Aufgehalten wurde er durch falsche Freunde, durch falsche Systeme, durch Krankheiten und auch Fehlentscheidungen. Im Ergebnis sieht der Leser zum Schluss, das nicht das Buch ein Ziel hat, sondern die ganze Zeit die Hauptfigur reift. Gerne m\u00f6chte man[&#8230;]<\/p>\n","protected":false},"author":1,"featured_media":0,"parent":0,"menu_order":0,"comment_status":"closed","ping_status":"closed","template":"","meta":{"footnotes":""},"class_list":["post-61","page","type-page","status-publish","hentry"],"jetpack_sharing_enabled":true,"jetpack_shortlink":"https:\/\/wp.me\/P8fRvs-Z","jetpack-related-posts":[],"jetpack_likes_enabled":true,"_links":{"self":[{"href":"https:\/\/cambuch.de\/index.php?rest_route=\/wp\/v2\/pages\/61","targetHints":{"allow":["GET"]}}],"collection":[{"href":"https:\/\/cambuch.de\/index.php?rest_route=\/wp\/v2\/pages"}],"about":[{"href":"https:\/\/cambuch.de\/index.php?rest_route=\/wp\/v2\/types\/page"}],"author":[{"embeddable":true,"href":"https:\/\/cambuch.de\/index.php?rest_route=\/wp\/v2\/users\/1"}],"replies":[{"embeddable":true,"href":"https:\/\/cambuch.de\/index.php?rest_route=%2Fwp%2Fv2%2Fcomments&post=61"}],"version-history":[{"count":1,"href":"https:\/\/cambuch.de\/index.php?rest_route=\/wp\/v2\/pages\/61\/revisions"}],"predecessor-version":[{"id":62,"href":"https:\/\/cambuch.de\/index.php?rest_route=\/wp\/v2\/pages\/61\/revisions\/62"}],"wp:attachment":[{"href":"https:\/\/cambuch.de\/index.php?rest_route=%2Fwp%2Fv2%2Fmedia&parent=61"}],"curies":[{"name":"wp","href":"https:\/\/api.w.org\/{rel}","templated":true}]}}